{"id":1447,"date":"2025-03-25T16:59:00","date_gmt":"2025-03-25T15:59:00","guid":{"rendered":"https:\/\/chezkahina.fr\/?page_id=1447"},"modified":"2025-06-01T21:21:12","modified_gmt":"2025-06-01T19:21:12","slug":"benevolat","status":"publish","type":"page","link":"https:\/\/chezkahina.fr\/?page_id=1447","title":{"rendered":"b\u00e9n\u00e8volat"},"content":{"rendered":"\t\t<div data-elementor-type=\"wp-page\" data-elementor-id=\"1447\" class=\"elementor elementor-1447\">\n\t\t\t\t<div class=\"elementor-element elementor-element-38cdc05 e-flex e-con-boxed e-con e-parent\" data-id=\"38cdc05\" data-element_type=\"container\">\n\t\t\t\t\t<div class=\"e-con-inner\">\n\t\t\t\t<div class=\"elementor-element elementor-element-410fd0d elementor-widget elementor-widget-heading\" data-id=\"410fd0d\" data-element_type=\"widget\" data-widget_type=\"heading.default\">\n\t\t\t\t<div class=\"elementor-widget-container\">\n\t\t\t\t\t<h2 class=\"elementor-heading-title elementor-size-default\">B\u00e9n\u00e9volat<\/h2>\t\t\t\t<\/div>\n\t\t\t\t<\/div>\n\t\t\t\t\t<\/div>\n\t\t\t\t<\/div>\n\t\t<div class=\"elementor-element elementor-element-a3dcdba e-flex e-con-boxed e-con e-parent\" data-id=\"a3dcdba\" data-element_type=\"container\">\n\t\t\t\t\t<div class=\"e-con-inner\">\n\t\t<div class=\"elementor-element elementor-element-108393e e-con-full e-flex e-con e-child\" data-id=\"108393e\" data-element_type=\"container\">\n\t\t\t\t<div class=\"elementor-element elementor-element-5dc5587 elementor-widget elementor-widget-image\" data-id=\"5dc5587\" data-element_type=\"widget\" data-widget_type=\"image.default\">\n\t\t\t\t<div class=\"elementor-widget-container\">\n\t\t\t\t\t\t\t\t\t\t\t\t\t\t\t<img fetchpriority=\"high\" decoding=\"async\" width=\"1024\" height=\"894\" src=\"https:\/\/chezkahina.fr\/wp-content\/uploads\/2025\/03\/640548F9-87B7-44CC-94AF-A4692AD7E623-1024x894.jpeg\" class=\"attachment-large size-large wp-image-1211\" alt=\"fabrice courtadon\" srcset=\"https:\/\/chezkahina.fr\/wp-content\/uploads\/2025\/03\/640548F9-87B7-44CC-94AF-A4692AD7E623-1024x894.jpeg 1024w, https:\/\/chezkahina.fr\/wp-content\/uploads\/2025\/03\/640548F9-87B7-44CC-94AF-A4692AD7E623-300x262.jpeg 300w, https:\/\/chezkahina.fr\/wp-content\/uploads\/2025\/03\/640548F9-87B7-44CC-94AF-A4692AD7E623-768x671.jpeg 768w, https:\/\/chezkahina.fr\/wp-content\/uploads\/2025\/03\/640548F9-87B7-44CC-94AF-A4692AD7E623-1536x1341.jpeg 1536w, https:\/\/chezkahina.fr\/wp-content\/uploads\/2025\/03\/640548F9-87B7-44CC-94AF-A4692AD7E623-2048x1788.jpeg 2048w\" sizes=\"(max-width: 1024px) 100vw, 1024px\" \/>\t\t\t\t\t\t\t\t\t\t\t\t\t\t\t<\/div>\n\t\t\t\t<\/div>\n\t\t\t\t<\/div>\n\t\t<div class=\"elementor-element elementor-element-2350e72 e-con-full e-flex e-con e-child\" data-id=\"2350e72\" data-element_type=\"container\">\n\t\t\t\t<div class=\"elementor-element elementor-element-03c2001 elementor-widget elementor-widget-image\" data-id=\"03c2001\" data-element_type=\"widget\" data-widget_type=\"image.default\">\n\t\t\t\t<div class=\"elementor-widget-container\">\n\t\t\t\t\t\t\t\t\t\t\t\t\t\t\t<img decoding=\"async\" width=\"683\" height=\"1024\" src=\"https:\/\/chezkahina.fr\/wp-content\/uploads\/2025\/03\/DDDC46B6-768A-4013-A056-21B385CA3716-683x1024.jpeg\" class=\"attachment-large size-large wp-image-1449\" alt=\"\" srcset=\"https:\/\/chezkahina.fr\/wp-content\/uploads\/2025\/03\/DDDC46B6-768A-4013-A056-21B385CA3716-683x1024.jpeg 683w, https:\/\/chezkahina.fr\/wp-content\/uploads\/2025\/03\/DDDC46B6-768A-4013-A056-21B385CA3716-200x300.jpeg 200w, https:\/\/chezkahina.fr\/wp-content\/uploads\/2025\/03\/DDDC46B6-768A-4013-A056-21B385CA3716-768x1152.jpeg 768w, https:\/\/chezkahina.fr\/wp-content\/uploads\/2025\/03\/DDDC46B6-768A-4013-A056-21B385CA3716-1024x1536.jpeg 1024w, https:\/\/chezkahina.fr\/wp-content\/uploads\/2025\/03\/DDDC46B6-768A-4013-A056-21B385CA3716-1365x2048.jpeg 1365w, https:\/\/chezkahina.fr\/wp-content\/uploads\/2025\/03\/DDDC46B6-768A-4013-A056-21B385CA3716-scaled.jpeg 1707w\" sizes=\"(max-width: 683px) 100vw, 683px\" \/>\t\t\t\t\t\t\t\t\t\t\t\t\t\t\t<\/div>\n\t\t\t\t<\/div>\n\t\t\t\t<\/div>\n\t\t\t\t\t<\/div>\n\t\t\t\t<\/div>\n\t\t<div class=\"elementor-element elementor-element-c58e276 e-flex e-con-boxed e-con e-parent\" data-id=\"c58e276\" data-element_type=\"container\">\n\t\t\t\t\t<div class=\"e-con-inner\">\n\t\t\t\t<div class=\"elementor-element elementor-element-c8b6d81 elementor-widget elementor-widget-text-editor\" data-id=\"c8b6d81\" data-element_type=\"widget\" data-widget_type=\"text-editor.default\">\n\t\t\t\t<div class=\"elementor-widget-container\">\n\t\t\t\t\t\t\t\t\t<p>Les actions b\u00e9n\u00e9voles font parties de ma vie pour d\u00e9velopper mes capacit\u00e9s \u00e0 donner et recevoir avec fluidit\u00e9.\u00a0<\/p><p>Il me tient \u00e0 coeur de cr\u00e9er cet espace compl\u00e9mentaire<span style=\"color: var( --e-global-color-text ); font-family: var( --e-global-typography-text-font-family ), Sans-serif; font-weight: var( --e-global-typography-text-font-weight ); background-color: transparent;\">\u00a0\u00e0 mon activit\u00e9\u00a0 pour partager, \u00e9changer, et se r\u00e9unir autour de sujets communs.\u00a0<\/span><\/p><p>Je souhaite cr\u00e9er une association de loisirs artistiques et cr\u00e9atifs dans le but de cr\u00e9er du lien sociale, d\u00e9velopper sa cr\u00e9ativit\u00e9, pour tout public.\u00a0<\/p><p>Je recherche des b\u00e9n\u00e9voles avec qui organiser des ateliers en demi-journ\u00e9e 1 \u00e0 2 fois par mois.\u00a0<\/p>\t\t\t\t\t\t\t\t<\/div>\n\t\t\t\t<\/div>\n\t\t\t\t\t<\/div>\n\t\t\t\t<\/div>\n\t\t<div class=\"elementor-element elementor-element-9a48ac9 e-grid e-con-boxed e-con e-parent\" data-id=\"9a48ac9\" data-element_type=\"container\">\n\t\t\t\t\t<div class=\"e-con-inner\">\n\t\t\t\t<div class=\"elementor-element elementor-element-3151b86 elementor-widget elementor-widget-image\" data-id=\"3151b86\" data-element_type=\"widget\" data-widget_type=\"image.default\">\n\t\t\t\t<div class=\"elementor-widget-container\">\n\t\t\t\t\t\t\t\t\t\t\t\t\t\t\t<img decoding=\"async\" width=\"1024\" height=\"682\" src=\"https:\/\/chezkahina.fr\/wp-content\/uploads\/2025\/06\/IMG-20250529-WA0021-1024x682.jpeg\" class=\"attachment-large size-large wp-image-1784\" alt=\"\" srcset=\"https:\/\/chezkahina.fr\/wp-content\/uploads\/2025\/06\/IMG-20250529-WA0021-1024x682.jpeg 1024w, https:\/\/chezkahina.fr\/wp-content\/uploads\/2025\/06\/IMG-20250529-WA0021-300x200.jpeg 300w, https:\/\/chezkahina.fr\/wp-content\/uploads\/2025\/06\/IMG-20250529-WA0021-768x512.jpeg 768w, https:\/\/chezkahina.fr\/wp-content\/uploads\/2025\/06\/IMG-20250529-WA0021-1536x1023.jpeg 1536w, https:\/\/chezkahina.fr\/wp-content\/uploads\/2025\/06\/IMG-20250529-WA0021.jpeg 1600w\" sizes=\"(max-width: 1024px) 100vw, 1024px\" \/>\t\t\t\t\t\t\t\t\t\t\t\t\t\t\t<\/div>\n\t\t\t\t<\/div>\n\t\t\t\t<div class=\"elementor-element elementor-element-d4e0668 elementor-widget elementor-widget-image\" data-id=\"d4e0668\" data-element_type=\"widget\" data-widget_type=\"image.default\">\n\t\t\t\t<div class=\"elementor-widget-container\">\n\t\t\t\t\t\t\t\t\t\t\t\t\t\t\t<img loading=\"lazy\" decoding=\"async\" width=\"719\" height=\"1024\" src=\"https:\/\/chezkahina.fr\/wp-content\/uploads\/2025\/06\/IMG-20250529-WA0005-719x1024.jpeg\" class=\"attachment-large size-large wp-image-1781\" alt=\"\" srcset=\"https:\/\/chezkahina.fr\/wp-content\/uploads\/2025\/06\/IMG-20250529-WA0005-719x1024.jpeg 719w, https:\/\/chezkahina.fr\/wp-content\/uploads\/2025\/06\/IMG-20250529-WA0005-211x300.jpeg 211w, https:\/\/chezkahina.fr\/wp-content\/uploads\/2025\/06\/IMG-20250529-WA0005-768x1093.jpeg 768w, https:\/\/chezkahina.fr\/wp-content\/uploads\/2025\/06\/IMG-20250529-WA0005-1079x1536.jpeg 1079w, https:\/\/chezkahina.fr\/wp-content\/uploads\/2025\/06\/IMG-20250529-WA0005.jpeg 1124w\" sizes=\"(max-width: 719px) 100vw, 719px\" \/>\t\t\t\t\t\t\t\t\t\t\t\t\t\t\t<\/div>\n\t\t\t\t<\/div>\n\t\t\t\t<div class=\"elementor-element elementor-element-dbaa5f3 elementor-widget elementor-widget-image\" data-id=\"dbaa5f3\" data-element_type=\"widget\" data-widget_type=\"image.default\">\n\t\t\t\t<div class=\"elementor-widget-container\">\n\t\t\t\t\t\t\t\t\t\t\t\t\t\t\t<img loading=\"lazy\" decoding=\"async\" width=\"682\" height=\"1024\" src=\"https:\/\/chezkahina.fr\/wp-content\/uploads\/2025\/06\/IMG-20250529-WA0022-682x1024.jpeg\" class=\"attachment-large size-large wp-image-1782\" alt=\"\" srcset=\"https:\/\/chezkahina.fr\/wp-content\/uploads\/2025\/06\/IMG-20250529-WA0022-682x1024.jpeg 682w, https:\/\/chezkahina.fr\/wp-content\/uploads\/2025\/06\/IMG-20250529-WA0022-200x300.jpeg 200w, https:\/\/chezkahina.fr\/wp-content\/uploads\/2025\/06\/IMG-20250529-WA0022-768x1153.jpeg 768w, https:\/\/chezkahina.fr\/wp-content\/uploads\/2025\/06\/IMG-20250529-WA0022-1023x1536.jpeg 1023w, https:\/\/chezkahina.fr\/wp-content\/uploads\/2025\/06\/IMG-20250529-WA0022.jpeg 1066w\" sizes=\"(max-width: 682px) 100vw, 682px\" \/>\t\t\t\t\t\t\t\t\t\t\t\t\t\t\t<\/div>\n\t\t\t\t<\/div>\n\t\t\t\t\t<\/div>\n\t\t\t\t<\/div>\n\t\t\t\t<\/div>\n\t\t","protected":false},"excerpt":{"rendered":"<p>B\u00e9n\u00e9volat Les actions b\u00e9n\u00e9voles font parties de ma vie pour d\u00e9velopper mes capacit\u00e9s \u00e0 donner et recevoir avec fluidit\u00e9.\u00a0 Il me tient \u00e0 coeur de cr\u00e9er cet espace compl\u00e9mentaire\u00a0\u00e0 mon&#8230;<\/p>\n","protected":false},"author":1,"featured_media":0,"parent":0,"menu_order":0,"comment_status":"closed","ping_status":"closed","template":"","meta":{"_kadence_starter_templates_imported_post":false,"_kad_post_transparent":"","_kad_post_title":"hide","_kad_post_layout":"fullwidth","_kad_post_sidebar_id":"","_kad_post_content_style":"unboxed","_kad_post_vertical_padding":"hide","_kad_post_feature":"hide","_kad_post_feature_position":"","_kad_post_header":false,"_kad_post_footer":false,"footnotes":""},"class_list":["post-1447","page","type-page","status-publish","hentry"],"_links":{"self":[{"href":"https:\/\/chezkahina.fr\/index.php?rest_route=\/wp\/v2\/pages\/1447","targetHints":{"allow":["GET"]}}],"collection":[{"href":"https:\/\/chezkahina.fr\/index.php?rest_route=\/wp\/v2\/pages"}],"about":[{"href":"https:\/\/chezkahina.fr\/index.php?rest_route=\/wp\/v2\/types\/page"}],"author":[{"embeddable":true,"href":"https:\/\/chezkahina.fr\/index.php?rest_route=\/wp\/v2\/users\/1"}],"replies":[{"embeddable":true,"href":"https:\/\/chezkahina.fr\/index.php?rest_route=%2Fwp%2Fv2%2Fcomments&post=1447"}],"version-history":[{"count":28,"href":"https:\/\/chezkahina.fr\/index.php?rest_route=\/wp\/v2\/pages\/1447\/revisions"}],"predecessor-version":[{"id":1787,"href":"https:\/\/chezkahina.fr\/index.php?rest_route=\/wp\/v2\/pages\/1447\/revisions\/1787"}],"wp:attachment":[{"href":"https:\/\/chezkahina.fr\/index.php?rest_route=%2Fwp%2Fv2%2Fmedia&parent=1447"}],"curies":[{"name":"wp","href":"https:\/\/api.w.org\/{rel}","templated":true}]}}